s the units digit of b(0)?
1
Let i(l) be the third derivative of l**4/4 - 7*l**3/3 - 7*l**2. What is the units digit of i(6)?
2
What is the hundreds digit of 0 + 173 - -1*(-2)/1?
1
Suppose -2*q = -q + 6. Let r(p) = -p**3 - 7*p**2 - 8*p - 6. What is the units digit of r(q)?
6
Suppose -4*p + 492 = 4*o, -p + 5*o = 3 - 108. What is the hundreds digit of p?
1
Let s = 0 - 1. Let h = s + 3. What is the units digit of h?
2
Let k(m) = 9*m**2 + m. Let z be k(-1). Suppose -3*n = -z*n. Suppose 3*s - 9 = 0, 3*o - 7*o + 4*s = n. What is the units digit of o?
3
Let y(i) = -2*i**2 + 3*i + 3. Let l be y(3). Let a = l - -10. Suppose -5*r - 21 = -a*m - 3, -4*m + 3*r = -22. What is the units digit of m?
7
Let u(q) = q**3 - 4*q**2 - 10*q - 7. Let d be u(6). Suppose d*t - 4 = t. What is the units digit of t?
1
Let g(z) = 4*z**2 - 2*z. Let w be g(3). Suppose -t + w = t. What is the tens digit of t?
1
Suppose -10 = -4*l + 2. Suppose -3*j + 5*x = 2, -4*j + 4 = 3*x - l. What is the units digit of j?
1
Let f(w) = w + 4. Let n be f(3). Let t(j) = j**2 - 7*j + 3. Let s be t(n). Suppose 3 = -s*u + 39. What is the tens digit of u?
1
Let a(x) = x - 6. Let y be a(7). Suppose -5*b + 2*j = -45, -2*b + y = -5*j - 17. What is the units digit of b?
9
Suppose -2 = h - 4*z - 3, 5*h - 2*z - 5 = 0. Suppose 0 = q - 3 + h. Suppose s - q*s = -6. What is the units digit of s?
6
Suppose -l + m = 21, 20 = -2*l + m - 27. What is the tens digit of ((-3)/2 + 1)*l?
1
Let w(p) = -2*p**2 - 2*p + 2. Suppose -3*m + 0 - 6 = 0. Let j be w(m). Let i = 2 - j. What is the units digit of i?
4
Let t = 65 - -197. What is the units digit of t?
2
Let i = -121 + 12. Let d = -72 - i. What is the tens digit of d?
3
Suppose 3*o = -o. Suppose 4 = 4*z - o*z. What is the units digit of z?
1
Suppose 6*z + 3*k = 2*z - 2, z = 3*k + 7. What is the units digit of (20 - (1 + z)) + 4?
2
What is the units digit of (4/5)/(5/100)?
6
Suppose -a = 6*a - 35. What is the units digit of a?
5
Suppose -9*d + 1896 = 3*d. What is the units digit of d?
8
What is the units digit of 372/27 - 4/(-18)?
4
Let w(j) = j**3 + 5*j**2 + j + 4. Suppose 2*t = 6*t. Suppose 45 = -5*f - 5*z, t*z + 3*z = 3*f - 3. What is the tens digit of w(f)?
1
Suppose 2*d + 3*d + 15 = 4*f, f + 2*d - 7 = 0. What is the units digit of (-22)/(-5) + (-2)/f?
4
Let z(p) be the third derivative of -p**6/120 + p**5/12 - p**4/12 - p**3/3 - 2*p**2. Let y be z(4). Let j = 10 - y. What is the units digit of j?
4
Suppose -3*a + 3025 = 8*a. What is the hundreds digit of a?
2
What is the hundreds digit of ((-2)/(-4))/(8 - 40023/5004)?
2
Let n be 0 + (0 - (18 + -2)). Let b = -3 + n. Let i = b - -37. What is the tens digit of i?
1
Let s = -10 - -6. Let b be ((-6)/s)/(2/4). What is the units digit of 44/6 + b/(-9)?
7
Suppose -101 = -5*w - 16. What is the tens digit of w?
1
Let o(s) = -s**2 + s + 4. Let g be o(0). Let k(c) = 2*c - 3. What is the units digit of k(g)?
5
Let i be 0*(-3)/(-12)*-2. Suppose u + 1 = 4*y, i = 2*y + 1 - 3. Suppose -3*o = -3*t + 6, o + 3 + u = 2*t. What is the units digit of t?
4
Let o(l) = 6*l**3 + 1. Let b be (-4)/10 + 51/15. Suppose 0 + b = 3*g, g = 5*c - 4. What is the units digit of o(c)?
7
Let w(o) = 2*o**2 + 3*o + 7. What is the tens digit of w(-4)?
2
Suppose 3*a - a = 198. What is the units digit of a?
9
Suppose 2*x + 11 = -l, 15 = 7*l - 2*l. Let i(u) = -u**3 - 7*u**2 - 7*u - 7. What is the units digit of i(x)?
2
Suppose 5*l = 129 + 31. What is the units digit of l?
2
Let n(h) = h**3 - 7*h**2 + 5*h + 4. What is the units digit of n(7)?
9
Let c = -9 + 16. Suppose -c = -2*d + 3. Suppose -5*m - d*u + u = -1, u - 1 = -2*m. What is the units digit of m?
1
Let s(q) = -q**3 + 9*q**2 - q + 8. What is the units digit of s(4)?
4
Suppose -u = -2 - 27. What is the tens digit of u?
2
Suppose -2*c + 327 = -17. What is the hundreds digit of c?
1
Let p(k) = 6*k - k + 7 - k**3 - 10*k - 6*k**2. Let w be 5/4*(-5 - -1). What is the units digit of p(w)?
7
Suppose 0 = -3*c + 21 + 15. Let r = 22 - c. What is the units digit of r?
0
Let g(w) = 47*w**3 + 1. What is the tens digit of g(1)?
4
Suppose -7 + 30 = k. What is the units digit of k?
3
Suppose 4*c + 628 = 6*c + g, -5*c - 4*g = -1570. What is the units digit of c?
4
Suppose 5*f = -2*z + z + 156, 88 = 3*f - 5*z. What is the units digit of f?
1
Suppose -20 = 4*p - 0*p, 2*i - 2 = -4*p. Suppose 0 = 2*l - 4*a + 4, -3*l + a = i. What is the units digit of (-42)/l + (-2)/4?
0
Suppose 2*q - 52 = 40. What is the tens digit of q?
4
Let v(l) = -2*l - 8. Let c be v(-13). Let w = c + -3. What is the units digit of w?
5
Suppose -g - 56 = g. What is the units digit of (-2)/7 - 1464/g?
2
Suppose -3*v + 21 - 3 = 0. What is the units digit of v?
6
Let v(g) = 31*g**3 + 3*g**2 + 3*g. What is the tens digit of v(2)?
6
Let i be ((-30)/4 + -1)*-2. Suppose -21 - i = 2*l. Let h = l - -28. What is the units digit of h?
9
Let t(q) = 74*q**2 - 4. What is the hundreds digit of t(2)?
2
Let r be 0/((-3)/(3/2)). Suppose -3*j + r = 6. What is the units digit of 6*2/((-12)/j)?
2
Let s(o) = 5*o**2 - 2*o - 1. Let j = -8 + 7. What is the units digit of s(j)?
6
Let c be (8/3)/((-1)/3). What is the tens digit of (10/c)/((-1)/12)?
1
Let w = 11 + -4. Suppose -17 = -y + w. Suppose 0 = 3*c + c - y. What is the units digit of c?
6
Let g = 6 + 101. What is the tens digit of g?
0
Let f = -6 + 9. Suppose f*a - 25 = -2*a. What is the units digit of a?
5
Let t(x) = -x**3 + 6*x**2 + 7*x + 8. Let r be t(7). Suppose -2*k + 0*k + r = 0. What is the units digit of k?
4
Let l(x) = x**2 - 8*x + 10. Let r be l(7). Suppose 2*d = -r*d + 705. What is the units digit of d/15 + 2/(-5)?
9
Suppose 911 + 457 = 8*g. What is the units digit of g?
1
Let q(s) = s**2 + 3*s + 3. Suppose -4*z + 4 = -4*v, -3*v = 2*v + 5*z - 15. Let a be (0 + 2 - 6) + v. What is the units digit of q(a)?
3
Suppose -11 - 1 = -2*l. Let p be 9/3*(-4)/l. What is the units digit of (-1)/p*0 + 7?
7
Let p be (-12)/54 - (-148)/18. Suppose n = -0*n - t + p, -3*t + 12 = n. Suppose 0 = -5*l + 3*r + n, 4*r = 2*l + 2*r. What is the units digit of l?
3
Let w = -112 - -154. What is the tens digit of w?
4
Let q = 64 - -11. What is the tens digit of q?
7
Suppose -4*h + 28 + 4 = 0. Suppose 8 = -4*y - h. Let a = y + 10. What is the units digit of a?
6
Suppose 4*z = -2*l + 122, -5*l = -4*z - 330 + 39. What is the tens digit of l?
5
Let k be 2 - (1 + 1) - 48. Let g = -34 - k. What is the tens digit of g?
1
Let a(p) = -2*p - 1. Let u be a(-3). Let i = 5 + u. Suppose -b - 1 = -i. What is the units digit of b?
9
Let p be (3/2)/((-4)/(-24)). Suppose -3*r + p*q + 58 = 4*q, -2*q + 23 = 3*r. What is the units digit of r?
1
What is the units digit of 1614/15 - (-1 - 9/(-15))?
8
Suppose 0 = -5*m - 4*z + 36, 3*m - 4 = -z + 3*z. Suppose 0 = 6*d - 4*d - m. What is the units digit of d?
2
Suppose 0 = 7*p - 414 - 405. What is the tens digit of p?
1
Suppose h + 3 = d - 14, -65 = -4*d + 5*h. What is the tens digit of d?
2
Suppose 3*y = -15, 2*y + 49 - 199 = -5*n. Suppose n = 2*v + 2*v. What is the units digit of v?
8
Suppose -2*z = -3*s + 64, -4*s - 3*z + 55 + 53 = 0. What is the tens digit of s?
2
Suppose 2*c = 2*w - 8, 0*c + 5*c - 12 = w. What is the units digit of (86/8)/(2/w)?
3
Let j(q) be the third derivative of q**4/24 + 3*q**2. Let l(m) = -3*m - 1. Let o(b) = 10*j(b) + 4*l(b). What is the units digit of o(-8)?
2
Let w = 124 - 37. What is the tens digit of w?
8
Let g(h) = -7*h**2 + 3*h. Let c(v) = -4*v + 1. Let k be c(1). Let m be g(k). What is the tens digit of (m/15)/(12/(-40))?
1
Let w be 6/8*(-8)/(-3). Let x(p) = 2*p**3 + 2*p**2 - 2*p. What is the units digit of x(w)?
0
Let l(r) = -r**2 + 4*r - 12. Let g(n) = n - 1. Let d(m) = 6*g(m) - l(m). What is the tens digit of d(-4)?
1
Let a = -2 + 1. What is the units digit of (-4)/(a/((-14)/(-4)))?
4
Let c be (-26 - -3)/(-3 - -2). Suppose -2*o + c = -3*n + 4, -4*n + 4*o = 32. What is the units digit of (n/5)/((-5)/50)?
6
Let v(h) = h**3 - 7 - 3*h + 11*h**2 + 2*h - 13*h. What is the tens digit of v(-12)?
1
Suppose -72 = -2*j - 5*c + 10, 0 = 5*j + 4*c - 222. What is the tens digit of j?
4
Let c be ((-55)/(-5))/(0 - 1). Let g = c - -5. What is the units digit of (3/g)/(1/(-10))?
5
Suppose 3*j + p = -4*p + 56, 5*j - 88 = -3*p. What is the units digit of j?
7
What is the units digit of (-3 + 9